50*m + 5 - 39*m + 2*m**2 - 49*m - 47*m. Give b(n).
13
Let w(u) = 7*u**3 - 5*u**2 + 7*u + 12. Let s(h) = h**3 + h + 1. Let f(q) = 6*s(q) - w(q). Suppose -26*x = -41*x + 75. What is f(x)?
-11
Let h(v) = -v - 12. Let k be h(-6). Let o be ((-1)/(-2))/1*2. Let f(b) = -8*b**2 - 7*b - 2 - o + 1 + b**2 - b**3. Give f(k).
4
Let r(p) be the first derivative of 9*p**4 - 2*p**3/3 + p**2/2 + 2*p - 34. Give r(-1).
-37
Let b(h) = -h**3 + h**2 - h - 1. Let f(o) = -7*o**3 - 4*o**2 - 6*o - 15. Let y(g) = 6*b(g) - f(g). Give y(-10).
9
Let t = -23 - -25. Let n(q) = 0*q - 59 + t*q + 57 - q. Calculate n(6).
4
Let r(n) be the second derivative of n**4/6 + 11*n**3/6 + 5*n**2/2 + 60*n. Calculate r(-7).
26
Let m(d) be the second derivative of -d**4/24 + d**3/2 + 17*d**2/2 + 5*d. Let o(q) be the first derivative of m(q). Determine o(-4).
7
Suppose -40 = 12*d - 16*d. Let l be (15/d)/(3/(-18)). Let g(b) = b**2 + 9*b + 2. Determine g(l).
2
Suppose -w = -5, 4*b = -5*w + 12 - 3. Let q(m) be the first derivative of -5/2*m**2 - 2/3*m**3 + 4 + 2*m. What is q(b)?
-10
Let k(q) be the third derivative of -q**6/120 - q**4/24 - q**2. Suppose 16*d - 2 + 2 = 0. Give k(d).
0
Let k(y) = 7*y + 8. Let n(t) = 16*t + 19. Let f(v) = -7*k(v) + 3*n(v). Calculate f(-2).
3
Let u(a) = 2*a**3 - 4*a - 3 - 8 + 16 + 6*a**2 - 13. Calculate u(-3).
4
Suppose -4*g - 3 = 5. Let y be 1 + (3 - g)*1. Suppose 15 = -3*i - 2*r, -5*i - r + y - 31 = 0. Let s(f) = f**2 + 6*f + 7. Give s(i).
2
Let s(w) = -w**3 - w**2 - 2*w - 1. Suppose -5*g + 192 = g. Let x = -28 + g. Suppose 0 = -5*h + 2*o - 6, 2 - 4 = -x*h + 5*o. What is s(h)?
7
Let r(o) = 4*o**2 - 6*o + 1. Let x be r(1). Let b(k) = -k - 1. Give b(x).
0
Let c(h) = 8*h. Let g(y) = 2*y**3 - 3*y**2 - 3*y. Let z be g(-2). Let r = 28 + z. Suppose r*a + 3*t + 5 = 2*a, -2*a + 5*t = -17. Determine c(a).
8
Let w(b) be the first derivative of -b**3/3 - 5*b**2/2 + 2*b - 696. Calculate w(-6).
-4
Let p(j) = 2*j**2 + 49*j - 25. Let c be p(-25). Suppose c = 3*r - 13*r + 10. Let q(f) = -f**3 + f**2 - 1. What is q(r)?
-1
Let h(n) = 2*n**3 - 4*n**2 + 2*n. Let d be (-50)/(-8) + ((-51)/12 - -4). Suppose 0 = -7*p + d + 8. What is h(p)?
4
Let a(k) = 111 + 112 + k - 335 + 113 - k**2. Determine a(0).
1
Let f(z) = -z**3 - 4*z**2 - 5*z - 10. Let c be f(-4). Suppose 9 = 4*w + 3*v - 6, 2*v = -5*w + c. Let k(n) = n - 1 - 5 + 1 + w. What is k(3)?
-2
Let z(x) = 20 - 54 + 5*x + 17 + 21. Give z(3).
19
Let t(k) be the third derivative of k**5/60 - 7*k**4/24 + 2*k**3/3 + 11*k**2. Suppose 0 = -2*s - 5*x + 22, -4*x - 16 = -2*s - 2*s. Calculate t(s).
-2
Suppose 296 = -12*k + 296. Let f(c) be the first derivative of k*c + 9 + c**3 - 1/2*c**4 + 2*c**2. What is f(3)?
-15
Let r be 2 - (4 + -6 + 2). Suppose -r*u - 30 = 4*u. Let x(s) = -2*s**2 - 8*s + 6. Let a(k) = k**2 + 4*k - 3. Let m(j) = 5*a(j) + 2*x(j). What is m(u)?
2
Suppose -23*j = -16*j + 28. Let y(i) = -2*i - 4. What is y(j)?
4
Let x(p) = p**3 + 5*p**2 - 12*p + 7. Let j be x(-7). Let y be j + 4 + 9/1. Let v(h) = -h**2 + 5*h + 1. Determine v(y).
-5
Let r(h) = h**3 - 46 + 8*h**2 + 86 - 41. Give r(-8).
-1
Let q be (6/18)/(1/6). Let m(z) = z + z**q + 1 - z + 0 + 8*z. Give m(-6).
-11
Let y(u) be the third derivative of -u**6/10 + u**3/6 + 2*u**2. Let q be (9/6)/((-6)/(-44)). Suppose -b = -3*o + 6, 0*o - q = 4*o + 5*b. Give y(o).
-11
Let y(h) be the third derivative of -1/6*h**3 + 0*h - 4*h**2 + 0 - 1/12*h**4. Determine y(1).
-3
Let o(x) be the second derivative of 0*x**2 + 27*x + 0 - 1/10*x**5 + 1/6*x**4 - 1/6*x**3. Give o(2).
-10
Let i(d) = -4*d**2 + 14*d + 10*d + 73 - 23 + 3*d**2 - 4*d. Give i(22).
6
Let v(y) = 2*y + 2. Let b be v(0). Let l(a) = -21 + 0*a + 12 + 12 + 3*a - a**b. What is l(3)?
3
Let a be (45/(-10))/9*-68. Let l(n) = a*n**2 - 15*n**2 - 45*n + 84*n - 40*n. Determine l(1).
18
Let y(v) be the second derivative of -v**4/12 - 7*v**3/6 + 2*v**2 - 9*v + 2. Calculate y(-8).
-4
Let g = -18 + 9. Let y be (-3 - -1) + g/3. Let u(b) = 7*b - 11. Let f(n) = -10*n + 17. Let x(l) = y*f(l) - 7*u(l). Give x(4).
-4
Let x(i) = i**2 - 3*i + 4. Let z be x(2). Let g(t) = -t - t**2 - 6 + 6 + 0*t**2. Give g(z).
-6
Let a = 660 - 655. Let c(t) = t**2 + t - 2. What is c(a)?
28
Suppose 33*o = -20*o - 530. Let f(j) = j + 14. What is f(o)?
4
Let d(v) be the second derivative of -v**5/20 + v**3/3 + v**2/2 - 44*v - 2. Give d(2).
-3
Let n(w) = -2*w**2 + 23*w + 4. Let y(p) = -3*p**2 + 36*p + 8. Let c(s) = -5*n(s) + 3*y(s). What is c(9)?
22
Let p be 1 + 14/(-10) + 796/(-10). Let i = p - -86. Let j(o) = o**2 - 4*o - 7. What is j(i)?
5
Let c(d) = d**3 - 10*d**2 + 3*d + 7. Let w(o) = -2*o - 28. Let y be w(-12). Let v(l) = l**3 - 9*l**2 + 2*l + 7. Let n(u) = y*c(u) + 5*v(u). Calculate n(5).
-3
Let i(o) = o. Let g(z) = -3*z. Let q(r) = -g(r) - 2*i(r). Suppose -2*v + 3*v = 0. Let k = v + 2. Calculate q(k).
2
Let k(b) = 1747 + 0*b - 1742 - b. Let n(s) = s**2 + s - 2. Let y be n(3). Give k(y).
-5
Let l(z) = 3*z - 3. Let w = 14 + -9. Suppose -i + w = -7. Suppose 2*u = 5*a - 3*a, 2*a + 2*u = i. Calculate l(a).
6
Let l(k) be the third derivative of 37*k**2 + 0*k - 1/6*k**3 - 1/12*k**5 + 0 + 0*k**4. What is l(-1)?
-6
Let y(j) = -j**2 - 3*j. Let z be y(-4). Let i(a) = -6*a - 1. Let u(m) = -5*m. Let d(p) = 3*i(p) - 4*u(p). Determine d(z).
-11
Let k be ((-9)/45)/((-8)/200). Let u(b) = b**3 - 4*b**2 - 5*b + 5. Give u(k).
5
Suppose 0 = 2*g - 4*g + 4*f + 24, -3*f = -3*g + 27. Let l(v) = 10*v**2 + 4*v + 0*v**3 - 1 - v**3 + 3*v - g*v**2. Calculate l(5).
9
Let l(o) = -o**2 + 12*o + 40. Let f be l(-3). Let c(p) = -p**2 - 3*p - 1. Give c(f).
-11
Suppose -6 = 43*a - 46*a. Let z(o) = 8 - 5 + 6 + o**a. Suppose -h - 3*x = 0, 5*x = 2*h - h. Determine z(h).
9
Suppose -5*o = 3*p - 15 - 45, -5*p - 20 = -5*o. Let d(k) = -2*k + 3. Determine d(o).
-15
Let p = -260 - -254. Let h(n) = -2*n - 7. What is h(p)?
5
Let w(f) = -f + 1. Let r = 41 + -55. Let p = -9 - r. Calculate w(p).
-4
Let o(y) = -y**2 + y + 6. Suppose 5*c + 2*z - 5 = 7, 2*c - 4 = -z. Determine o(c).
-6
Let u be ((-36)/(-81))/((-8)/(-6))*0. Let y(m) be the third derivative of -m**6/120 - m**5/60 + m**4/24 - m**3/6 + m**2. Give y(u).
-1
Let k(o) = -20*o**3 - 14*o**2 - 3*o + 28. Let p(m) = 11*m**3 + 7*m**2 + 2*m - 14. Let f(u) = 6*k(u) + 11*p(u). Give f(6).
2
Let l(u) = -2*u**2 - 5*u - 7. Let d(m) = m**2 + 2*m + 3. Let c(g) = 7*d(g) + 3*l(g). Let i(a) = -6*a**2 + 11*a - 7. Let x(t) = 5*c(t) + i(t). What is x(6)?
-7
Let u be ((-1462)/(-2))/(3/(-2) + 2). Let d(g) = -1462 - 7*g + u. Determine d(3).
-21
Let h(c) = c**2 - 6*c + 10. Let i be h(4). Let a(t) = -1 + 14*t + i - t**2 + 2 - 16*t. Give a(3).
-12
Let a(w) be the first derivative of -w**3/3 + w**2/2 + 4*w - 4. Let r(d) be the first derivative of a(d). Let p be (-9)/6*8/6. Calculate r(p).
5
Let u(j) = -4*j + 3. Let c(y) = 21*y - 17. Let h(k) = -22*k + 18. Let o(a) = 6*c(a) + 5*h(a). Let n(s) = 2*o(s) + 9*u(s). Determine n(3).
-9
Let l(y) be the first derivative of 14 - 4*y - y**2 + 1/3*y**3 + 1/4*y**4. Determine l(-3).
-16
Suppose 0 = 3*o - 11*o. Let f(q) = o + 2 - 2*q + 3 + 0. Give f(10).
-15
Let q(k) be the second derivative of -2*k**3/3 + k**2 + 238*k. Calculate q(-7).
30
Suppose -4*o - 46 = -2*o. Let b = -20 - o. Let z(t) = b + 5*t - 4*t + 0 + 2. Determine z(0).
5
Let c(t) = 11 + 7 + 4*t - 5*t. Let k be c(14). Suppose -4*o - 4 = 2*v, -2*o - 13 = k*v + o. Let g(s) = s**3 + 3*s**2 - 3*s - 2. What is g(v)?
-6
Suppose -3*h = -4*h - 1. Let w(f) = -5*f**2 + 2*f + 1. What is w(h)?
-6
Let s(y) = -y**3 - 9*y**2 + 7*y - 6. Let l be 3/((-6)/(-5)*6/(-24)). Give s(l).
24
Let c(m) = -m**2 + 4*m + 6. Let o be (-6)/(-9) + 618/18. Let g = -19 - 9. Let z = g + o. What is c(z)?
-15
Let l(v) = -v**2 + 8*v - 7. Suppose -4*o - 6 - 2 = 0, 32 = 5*r - o. Let n be l(r). Suppose -m + n*m - 16 = 0. Let x(f) = -3*f + 3. Calculate x(m).
-9
Let n(r) = r**2 + 29*r + 10. Let p be n(-29). Let f(u) = u**3 - 11*u**2 + 10*u + 7. Calculate f(p).
7
Let l(j) be the first derivative of 9*j**4/2 + j**3/3 + j**2/2 - 2*j + 549. Calculate l(1).
18
Let r(s) = s**3 + 7*s**2 + 8*s + 3. Let x be r(-5). Let u(m) = -3 + x*m**3 + m**2 + 4*m + 7*m**3 - 21*m**3. Give u(3).
-9
Let m(z) = 6 - 8 - 8*z + 2*z + 2 - z**2. Give m(-4).
8
Let p = -931 - -927. Let j(r) = r**2 - 3*r - 29. Determine j(p).
-1
Let b(f) = 2*f**2 + 25*f + 6. Let u(a) = -a